{"id":110,"date":"2020-11-13T17:16:32","date_gmt":"2020-11-13T17:16:32","guid":{"rendered":"https:\/\/volleyball-kt43.de\/?page_id=110"},"modified":"2024-11-22T10:52:44","modified_gmt":"2024-11-22T10:52:44","slug":"damen-iii","status":"publish","type":"page","link":"https:\/\/volleyball-kt43.de\/?page_id=110","title":{"rendered":"Damen III"},"content":{"rendered":"\n<p><strong>Liga<\/strong><br>Bezirksklasse 3<\/p>\n\n\n\n<p><strong>Trainingszeiten<\/strong><br>Montag   19:45 &#8211; 21:45 Uhr<br>Mittwoch&nbsp;19:45 &#8211; 21:45 Uhr <\/p>\n\n\n\n<p><strong>Trainingsort<\/strong><br>Dreifachsporthalle des Gymnasiums Kreuzgasse<br>Vogelsanger Stra\u00dfe 1<br>50672 K\u00f6ln<\/p>\n\n\n\n<p><strong>Kontakt:<\/strong><br><a href=\"mailto:Damen3@kt43-volleyball.de\">Damen3@kt43-volleyball.de<\/a><\/p>\n\n\n\n<p>Wir freuen uns \u00fcber Verst\u00e4rkung. Wenn du interesse hast, schreib uns einfach eine Mail.<\/p>\n\n\n\n<p><a href=\"https:\/\/ergebnisdienst.volleyball.nrw\/cms\/home\/erwachsene\/bezirksklassen\/bezirksklassen_frauen\/bezirksklasse_6_frauen.xhtml\" target=\"_blank\" rel=\"noreferrer noopener\">Ergebnisdienst des WVV<\/a><\/p>\n","protected":false},"excerpt":{"rendered":"<p>LigaBezirksklasse 3 TrainingszeitenMontag 19:45 &#8211; 21:45 UhrMittwoch&nbsp;19:45 &#8211; 21:45 Uhr TrainingsortDreifachsporthalle des Gymnasiums KreuzgasseVogelsanger Stra\u00dfe 150672 K\u00f6ln Kontakt:Damen3@kt43-volleyball.de Wir freuen uns \u00fcber Verst\u00e4rkung. Wenn du interesse hast, schreib uns einfach eine Mail. Ergebnisdienst des WVV<\/p>\n","protected":false},"author":1,"featured_media":0,"parent":0,"menu_order":0,"comment_status":"closed","ping_status":"closed","template":"","meta":{"footnotes":""},"class_list":["post-110","page","type-page","status-publish","hentry"],"_links":{"self":[{"href":"https:\/\/volleyball-kt43.de\/index.php?rest_route=\/wp\/v2\/pages\/110","targetHints":{"allow":["GET"]}}],"collection":[{"href":"https:\/\/volleyball-kt43.de\/index.php?rest_route=\/wp\/v2\/pages"}],"about":[{"href":"https:\/\/volleyball-kt43.de\/index.php?rest_route=\/wp\/v2\/types\/page"}],"author":[{"embeddable":true,"href":"https:\/\/volleyball-kt43.de\/index.php?rest_route=\/wp\/v2\/users\/1"}],"replies":[{"embeddable":true,"href":"https:\/\/volleyball-kt43.de\/index.php?rest_route=%2Fwp%2Fv2%2Fcomments&post=110"}],"version-history":[{"count":7,"href":"https:\/\/volleyball-kt43.de\/index.php?rest_route=\/wp\/v2\/pages\/110\/revisions"}],"predecessor-version":[{"id":240,"href":"https:\/\/volleyball-kt43.de\/index.php?rest_route=\/wp\/v2\/pages\/110\/revisions\/240"}],"wp:attachment":[{"href":"https:\/\/volleyball-kt43.de\/index.php?rest_route=%2Fwp%2Fv2%2Fmedia&parent=110"}],"curies":[{"name":"wp","href":"https:\/\/api.w.org\/{rel}","templated":true}]}}