{"id":122,"date":"2020-11-13T17:37:39","date_gmt":"2020-11-13T17:37:39","guid":{"rendered":"https:\/\/volleyball-kt43.de\/?page_id=122"},"modified":"2024-11-21T15:54:25","modified_gmt":"2024-11-21T15:54:25","slug":"bfs-damen","status":"publish","type":"page","link":"https:\/\/volleyball-kt43.de\/?page_id=122","title":{"rendered":"BFS Damen"},"content":{"rendered":"\n<p><strong>Liga<\/strong><br>Bezirksliga<\/p>\n\n\n\n<p><strong>Trainingszeiten<\/strong><br>Montag 19:45 &#8211; 22 Uhr<\/p>\n\n\n\n<p><strong>Trainingsort<\/strong><br>Vogelsanger Str. 1<br>50672 K\u00f6ln<\/p>\n\n\n\n<p><strong>Kontakt:<\/strong><br>Mail: <a href=\"mailto:BFS.Damen@kt43-volleyball.de\">BFS.Damen@kt43-volleyball.de<\/a><br>oder bei Britta 0178 \/ 5617674<\/p>\n\n\n\n<figure class=\"wp-block-image\"><img decoding=\"async\" src=\"https:\/\/image.jimcdn.com\/app\/cms\/image\/transf\/dimension=370x10000:format=jpg\/path\/s4d7530462afc651a\/image\/ifd8e5993db573421\/version\/1497559401\/image.jpg\" alt=\"\"\/><\/figure>\n\n\n\n<p><strong>Auf in eine neue Saison<\/strong><\/p>\n\n\n\n<p>Wir freuen uns \u00fcber unsere zahlreichen Neuzug\u00e4nge, die uns mit Spielst\u00e4rke und vor allem guter Laune verst\u00e4rken.<\/p>\n\n\n\n<p>Da steht einer erfolgreichen Saison nichts mehr im Wege.<br><\/p>\n\n\n\n<p>KT Ol\u00e9!<\/p>\n\n\n\n<p><a href=\"https:\/\/bfs-rheinlandvolley.de\/65\" target=\"_blank\" rel=\"noreferrer noopener\">BFS-Ergebnisdienst Rheinland<\/a><\/p>\n","protected":false},"excerpt":{"rendered":"<p>LigaBezirksliga TrainingszeitenMontag 19:45 &#8211; 22 Uhr TrainingsortVogelsanger Str. 150672 K\u00f6ln Kontakt:Mail: BFS.Damen@kt43-volleyball.deoder bei Britta 0178 \/ 5617674 Auf in eine neue Saison Wir freuen uns \u00fcber unsere zahlreichen Neuzug\u00e4nge, die uns mit Spielst\u00e4rke und vor allem guter Laune verst\u00e4rken. Da &hellip; <a href=\"https:\/\/volleyball-kt43.de\/?page_id=122\">Weiterlesen <span class=\"meta-nav\">&rarr;<\/span><\/a><\/p>\n","protected":false},"author":1,"featured_media":0,"parent":0,"menu_order":0,"comment_status":"closed","ping_status":"closed","template":"","meta":{"footnotes":""},"class_list":["post-122","page","type-page","status-publish","hentry"],"_links":{"self":[{"href":"https:\/\/volleyball-kt43.de\/index.php?rest_route=\/wp\/v2\/pages\/122","targetHints":{"allow":["GET"]}}],"collection":[{"href":"https:\/\/volleyball-kt43.de\/index.php?rest_route=\/wp\/v2\/pages"}],"about":[{"href":"https:\/\/volleyball-kt43.de\/index.php?rest_route=\/wp\/v2\/types\/page"}],"author":[{"embeddable":true,"href":"https:\/\/volleyball-kt43.de\/index.php?rest_route=\/wp\/v2\/users\/1"}],"replies":[{"embeddable":true,"href":"https:\/\/volleyball-kt43.de\/index.php?rest_route=%2Fwp%2Fv2%2Fcomments&post=122"}],"version-history":[{"count":5,"href":"https:\/\/volleyball-kt43.de\/index.php?rest_route=\/wp\/v2\/pages\/122\/revisions"}],"predecessor-version":[{"id":237,"href":"https:\/\/volleyball-kt43.de\/index.php?rest_route=\/wp\/v2\/pages\/122\/revisions\/237"}],"wp:attachment":[{"href":"https:\/\/volleyball-kt43.de\/index.php?rest_route=%2Fwp%2Fv2%2Fmedia&parent=122"}],"curies":[{"name":"wp","href":"https:\/\/api.w.org\/{rel}","templated":true}]}}